{"id":3,"date":"2024-07-21T14:20:03","date_gmt":"2024-07-21T14:20:03","guid":{"rendered":"http:\/\/localhost\/wordpress\/?page_id=3"},"modified":"2024-12-02T22:38:00","modified_gmt":"2024-12-02T22:38:00","slug":"privacy-policy","status":"publish","type":"page","link":"https:\/\/talithawidmer.com\/index.php\/privacy-policy\/","title":{"rendered":"Datenschutzerkl\u00e4rung"},"content":{"rendered":"\n<p>Die nachfolgende Datenschutzerkl\u00e4rung informiert dar\u00fcber, welche Daten von dieser Website erfasst werden und wie und wozu Personendaten bearbeitet und verwendet werden. Zudem informiert sie \u00fcber die Rechte von betroffenen Personen.<\/p>\n\n\n\n<p>Unter Personendaten werden alle Angaben verstanden, die sich auf eine bestimmte oder bestimmbare nat\u00fcrliche Person beziehen. Dazu geh\u00f6ren beispielsweise Name, Adresse, Geburtsdatum, E-Mail-Adresse oder Telefonnummer. Eine betroffene Person ist eine nat\u00fcrliche Person, \u00fcber die Personendaten bearbeitet werden.<\/p>\n\n\n\n<h2 class=\"wp-block-heading\">Kontakt<\/h2>\n\n\n\n<p>Verantwortlich f\u00fcr die Bearbeitung von Personendaten dieser Website ist:<\/p>\n\n\n\n<p>Talitha Salum Widmer<br>Haldenstrasse 158<br>8055 Z\u00fcrich<\/p>\n\n\n\n<p><a href=\"https:\/\/talithawidmer.com\/#kontakt\">Kontakt<\/a><\/p>\n\n\n\n<h2 class=\"wp-block-heading\">Rechtsgrundlagen<\/h2>\n\n\n\n<p>Die Website unterliegt dem schweizerischen Datenschutzrecht (DSG) und der schweizerischen Datenschutzverordnung (DSV). Dazu kommt allenfalls anwendbares ausl\u00e4ndisches Datenschutzrecht wie insbesondere die Datenschutz-Grundverordnung (DSGVO \/ GDPR) der Europ\u00e4ischen Union (EU). Die Europ\u00e4ische Kommission anerkennt, dass das schweizerische Datenschutzrecht einen angemessenen Datenschutz gew\u00e4hrleistet.<\/p>\n\n\n\n<p>Weitere Informationen:<\/p>\n\n\n\n<ul class=\"wp-block-list\">\n<li><a href=\"https:\/\/www.fedlex.admin.ch\/eli\/oc\/2022\/491\/de\" target=\"_blank\" rel=\"noreferrer noopener\">Bundesgesetz \u00fcber den Datenschutz (Datenschutzgesetz, DSG)<\/a><\/li>\n\n\n\n<li><a href=\"https:\/\/www.fedlex.admin.ch\/eli\/oc\/2022\/568\/de\" target=\"_blank\" rel=\"noreferrer noopener\">Verordnung \u00fcber den Datenschutz (Datenschutzverordnung, DSV)<\/a><\/li>\n\n\n\n<li><a href=\"https:\/\/eur-lex.europa.eu\/legal-content\/DE\/TXT\/?uri=CELEX%3A32000D0518\" target=\"_blank\" rel=\"noreferrer noopener\">2000\/518\/EG: Angemessenheit des Schutzes personenbezogener Daten in der Schweiz<\/a><\/li>\n<\/ul>\n\n\n\n<h2 class=\"wp-block-heading\">Rechte betroffener Personen<\/h2>\n\n\n\n<p>Betroffene Personen k\u00f6nnen verlangen, dass<\/p>\n\n\n\n<ul class=\"wp-block-list\">\n<li>sie Auskunft erhalten, ob Personendaten \u00fcber sie bearbeitet werden, und wenn dies der Fall sein sollte, um welche Personendaten es sich handelt und wie sie bearbeitet werden,<\/li>\n\n\n\n<li>Personendaten berichtigt werden, vervollst\u00e4ndigt werden, aber auch ihre Bearbeitung eingeschr\u00e4nkt wird.<\/li>\n\n\n\n<li>Personendaten gel\u00f6scht werden und die Bearbeitung von Personendaten mit Wirkung f\u00fcr die Zukunft untersagt ist.<\/li>\n\n\n\n<li>die Personendaten herausgegeben werden.<\/li>\n<\/ul>\n\n\n\n<p>Die Aus\u00fcbung der Rechte von betroffenen Personen kann im rechtlich zul\u00e4ssigen Rahmen eingeschr\u00e4nkt oder verweigert werden. [Dies beispielsweise um einen Vertrag zu erf\u00fcllen, eigene schutzw\u00fcrdige Interessen wie etwa die Geltendmachung, Aus\u00fcbung oder Verteidigung von Rechtsanspr\u00fcchen zu wahren, oder aber um gesetzliche Verpflichtungen einzuhalten.<\/p>\n\n\n\n<p>Betroffene Personen haben auch das Recht, ihre datenschutzrechtlichen Anspr\u00fcche auf dem Rechtsweg durchzusetzen oder Beschwerde bei einer zust\u00e4ndigen Datenschutz-Aufsichtsbeh\u00f6rde zu erheben. Aufsichtsbeh\u00f6rde f\u00fcr den Datenschutz in der Schweiz ist der Eidgen\u00f6ssische Datenschutz- und \u00d6ffentlichkeitsbeauftragte (ED\u00d6B).<\/p>\n\n\n\n<p>Betroffene Personen, die Auskunft verlangen oder andere Rechte geltend machen, haben sich mit angemessenen Massnahmen zu identifizieren.<\/p>\n\n\n\n<p>Weiterf\u00fchrender Link:<\/p>\n\n\n\n<ul class=\"wp-block-list\">\n<li><a href=\"https:\/\/www.edoeb.admin.ch\/\" target=\"_blank\" rel=\"noreferrer noopener\">Eidgen\u00f6ssischer Datenschutz- und \u00d6ffentlichkeitsbeauftragte (ED\u00d6B)<\/a><\/li>\n<\/ul>\n\n\n\n<h2 class=\"wp-block-heading\">Welche Daten erhoben werden<\/h2>\n\n\n\n<p>Diese Webseite verwendet keine Tracking-Technologien, Cookies, oder Social Media Buttons. Allerdings k\u00f6nnen beim Besuch der Webseite folgende  Daten gespeichert werden.<\/p>\n\n\n\n<h3 class=\"wp-block-heading\">Logdateien des Hosting-Anbieters<\/h3>\n\n\n\n<p>Bei jedem Zugriff auf Elemente der Website wie Texte, Bilder, Skripte usw. werden standardm\u00e4ssig Daten erfasst und in sogenannten Logdateien gespeichert. Erfasst werden:<\/p>\n\n\n\n<ul class=\"wp-block-list\">\n<li>IP-Adresse (Adresse des verwendeten Ger\u00e4ts),<\/li>\n\n\n\n<li>Datum und Uhrzeit einschliesslich Zeitzone (Timestamp),<\/li>\n\n\n\n<li>aufgerufene Inhalte (Seiten, Bilder usw.),<\/li>\n\n\n\n<li>\u00fcbertragene Datenmenge,<\/li>\n\n\n\n<li>Herkunft des Besuchers beziehungsweise der Besucherin (Referrer),<\/li>\n\n\n\n<li>verwendetes Betriebssystem einschliesslich Version,<\/li>\n\n\n\n<li>verwendeter Browser einschliesslich Version (Benutzer-Agent).<\/li>\n<\/ul>\n\n\n\n<p>Die Logdateien dienen dazu, technische Probleme zu erkennen und Sicherheit und Stabilit\u00e4t zu bieten.<\/p>\n\n\n\n<h3 class=\"wp-block-heading\">Kontaktformular<\/h3>\n\n\n\n<p>Das Kontaktformular schickt eine E-Mail mit Ihrem Namen, E-Mail Adresse und Ihrer Nachricht an meine HIN E-Mail Adresse. Es werden keine Daten auf dem Server dieser Webseite gespeichert.<\/p>\n\n\n\n<p>Wenn Sie das Kontaktformular ausf\u00fcllen und abschicken, stimmen Sie zu, dass ich die eingegebenen Daten zum beantworten Ihrer Anfrage verwende. Die Daten werden vertraulich behandelt und nicht f\u00fcr andere Zwecke wie z. B. Marketing verwendet.<\/p>\n\n\n\n<h2 class=\"wp-block-heading\">\u00c4nderungen der Datenschutzerkl\u00e4rung<\/h2>\n\n\n\n<p>Wir behalten uns vor, diese Datenschutzerkl\u00e4rung gelegentlich anzupassen, damit sie stets den aktuellen rechtlichen Anforderungen entspricht oder um \u00c4nderungen unserer Leistungen in der Datenschutzerkl\u00e4rung umzusetzen, z. B. bei der Einf\u00fchrung neuer Services.<\/p>\n\n\n\n<p><\/p>\n","protected":false},"excerpt":{"rendered":"<p>Die nachfolgende Datenschutzerkl\u00e4rung informiert dar\u00fcber, welche Daten von dieser Website erfasst werden und wie und wozu Personendaten bearbeitet und verwendet werden. Zudem informiert sie \u00fcber die Rechte von betroffenen Personen. Unter Personendaten werden alle Angaben verstanden, die sich auf eine bestimmte oder bestimmbare nat\u00fcrliche Person beziehen. Dazu geh\u00f6ren beispielsweise Name, Adresse, Geburtsdatum, E-Mail-Adresse oder Telefonnummer. [&hellip;]<\/p>\n","protected":false},"author":1,"featured_media":0,"parent":0,"menu_order":0,"comment_status":"closed","ping_status":"open","template":"wp-custom-template-pages-de","meta":{"footnotes":""},"class_list":["post-3","page","type-page","status-publish","hentry"],"_links":{"self":[{"href":"https:\/\/talithawidmer.com\/index.php\/wp-json\/wp\/v2\/pages\/3","targetHints":{"allow":["GET"]}}],"collection":[{"href":"https:\/\/talithawidmer.com\/index.php\/wp-json\/wp\/v2\/pages"}],"about":[{"href":"https:\/\/talithawidmer.com\/index.php\/wp-json\/wp\/v2\/types\/page"}],"author":[{"embeddable":true,"href":"https:\/\/talithawidmer.com\/index.php\/wp-json\/wp\/v2\/users\/1"}],"replies":[{"embeddable":true,"href":"https:\/\/talithawidmer.com\/index.php\/wp-json\/wp\/v2\/comments?post=3"}],"version-history":[{"count":4,"href":"https:\/\/talithawidmer.com\/index.php\/wp-json\/wp\/v2\/pages\/3\/revisions"}],"predecessor-version":[{"id":170,"href":"https:\/\/talithawidmer.com\/index.php\/wp-json\/wp\/v2\/pages\/3\/revisions\/170"}],"wp:attachment":[{"href":"https:\/\/talithawidmer.com\/index.php\/wp-json\/wp\/v2\/media?parent=3"}],"curies":[{"name":"wp","href":"https:\/\/api.w.org\/{rel}","templated":true}]}}